{"id":30,"date":"2018-09-16T17:39:46","date_gmt":"2018-09-16T17:39:46","guid":{"rendered":"https:\/\/accompanist.ch\/?page_id=30"},"modified":"2019-01-17T18:50:09","modified_gmt":"2019-01-17T17:50:09","slug":"geschichte","status":"publish","type":"page","link":"https:\/\/accompanist.ch\/?page_id=30","title":{"rendered":"unsere Vision"},"content":{"rendered":"\n<h4 class=\"wp-block-heading\">Wie alles begann <\/h4>\n\n\n\n<p>Ein\nPrivatumzug oder Namens\u00e4nderung stellt an Sie gewisse Anforderungen. Neben dem\neigentlichen Umzug stehen noch s\u00e4mtliche Ummeldungen an. Hier hilft eine umfassende\nPlanung, die erforderlichen Punkte zu bew\u00e4ltigen. <\/p>\n\n\n\n<p>Der Vision zur Gr\u00fcndung von Accompanist geht voraus,\nDienstleistungen im Zusammenhang eines Domizilwechsels zu \u00fcbernehmen. Der Grundgedanke\nhierbei ist, die bisherige, \u00fcbliche Abwicklung gegen\u00fcber anderen\nDienstleistungsanbietern deutlich zu verbessern. Accompanist stellt in erster\nLinie die pers\u00f6nlichen Anliegen der Kunden in den Vordergrund. <\/p>\n\n\n\n<p>Dank unserer langj\u00e4hrigen T\u00e4tigkeit in zwei der gr\u00f6ssten Schweizerunternehmen im Telekommunikations- sowie im Finanzbereich, konnten wir umfangreiche Erfahrungen in der Data Quality gewinnen. Diese m\u00f6chten wir pflichtbewusst und zielf\u00fchrend in unser Unternehmen einbringen. <\/p>\n\n\n\n<p>Der erste Schritt zur Umsetzung einer Strategie besteht darin, nur aktuelle Personendaten von Anfang an einzusetzen. Damit Sie sich entspannt anderen, erforderlichen Verpflichtungen widmen k\u00f6nnen. Hier kommen wir \u2013 Accompanist \u2013 ins Spiel. <\/p>\n","protected":false},"excerpt":{"rendered":"<p>Wie alles begann Ein Privatumzug oder Namens\u00e4nderung stellt an Sie gewisse Anforderungen. Neben dem eigentlichen Umzug stehen noch s\u00e4mtliche Ummeldungen an. Hier [&hellip;]<\/p>\n","protected":false},"author":2,"featured_media":0,"parent":0,"menu_order":0,"comment_status":"closed","ping_status":"closed","template":"page-templates\/page_fullwidth.php","meta":{"footnotes":""},"class_list":["post-30","page","type-page","status-publish","hentry"],"_links":{"self":[{"href":"https:\/\/accompanist.ch\/index.php?rest_route=\/wp\/v2\/pages\/30","targetHints":{"allow":["GET"]}}],"collection":[{"href":"https:\/\/accompanist.ch\/index.php?rest_route=\/wp\/v2\/pages"}],"about":[{"href":"https:\/\/accompanist.ch\/index.php?rest_route=\/wp\/v2\/types\/page"}],"author":[{"embeddable":true,"href":"https:\/\/accompanist.ch\/index.php?rest_route=\/wp\/v2\/users\/2"}],"replies":[{"embeddable":true,"href":"https:\/\/accompanist.ch\/index.php?rest_route=%2Fwp%2Fv2%2Fcomments&post=30"}],"version-history":[{"count":6,"href":"https:\/\/accompanist.ch\/index.php?rest_route=\/wp\/v2\/pages\/30\/revisions"}],"predecessor-version":[{"id":404,"href":"https:\/\/accompanist.ch\/index.php?rest_route=\/wp\/v2\/pages\/30\/revisions\/404"}],"wp:attachment":[{"href":"https:\/\/accompanist.ch\/index.php?rest_route=%2Fwp%2Fv2%2Fmedia&parent=30"}],"curies":[{"name":"wp","href":"https:\/\/api.w.org\/{rel}","templated":true}]}}